{"id":289,"date":"2013-01-18T10:30:58","date_gmt":"2013-01-18T10:30:58","guid":{"rendered":"https:\/\/www.escarioarquitectos.com\/?page_id=289"},"modified":"2026-01-11T14:52:13","modified_gmt":"2026-01-11T14:52:13","slug":"quienes-somos","status":"publish","type":"page","link":"https:\/\/www.escarioarquitectos.com\/?page_id=289","title":{"rendered":"qui\u00e9nes somos"},"content":{"rendered":"<p><em>ORIGEN Y FUNDAMENTOS<\/em><\/p>\n<p style=\"text-align: justify;\">ESCARIO ARQUITECTOS es una empresa de arquitectura en la que ofrecemos servicios integrales e integrados, diferenciados y de alta calidad, en el \u00e1rea de la arquitectura, urbanismo e ingenier\u00eda para todo tipo de clientes. De la misma manera desarrollamos proyectos tanto para entidades de car\u00e1cter p\u00fablico como privado, as\u00ed como para clientes particulares.<\/p>\n<p style=\"text-align: justify;\">Fundamos ESCARIO ARQUITECTOS en al a\u00f1o 1990, de la mano del doctor arquitecto Antonio Escario Mart\u00ednez, arquitecto de reconocido prestigio en el \u00e1mbito nacional que inicio su trayectoria profesional en 1964.<\/p>\n<p>Desde entonces hemos desarrollado trabajos singulares, desde obra de menor escala (vivienda unifamiliar) hasta proyectos de gran\u00addes y complejos programas (oficinas, centros de investigaci\u00f3n, aeropuertos, hoteles, universidades, etc.), que abarcan desde la obra nueva a la rehabilitaci\u00f3n m\u00e1s compleja, siempre bas\u00e1ndose en cuatro pilares b\u00e1sicos:<\/p>\n<ol>\n<li>Equipo t\u00e9cnico y humano de gran calidad, agilidad y versatilidad, incluyendo colaboradores habituales de confianza y reconocida val\u00eda.<\/li>\n<li>Implantaci\u00f3n de tecnolog\u00eda digital de vanguardia en dise\u00f1o, gesti\u00f3n integral de proyectos y CRM.<\/li>\n<li>Colaboraci\u00f3n con firmas y profesionales a nivel nacional e internacional de alta cualificaci\u00f3n y especializaci\u00f3n para la resoluci\u00f3n de programas espec\u00edficos.&nbsp;<\/li>\n<li>Compromiso de entrega y terminaci\u00f3n \u00aben tiempo y forma\u00bb.<\/li>\n<\/ol>\n<p style=\"text-align: justify;\">Desde nuestra fundaci\u00f3n, y gracias a nuestra experiencia y al profundo conocimiento adquirido de la realidad y de las necesidades de los clientes, independiente de su peculiaridades, hemos crecido y avanzado hacia un concepto de servicio integral en todo tipo de proyectos.<\/p>\n<p style=\"text-align: justify;\">Desarrollamos y construimos junto con nuestros clientes. Nuestra vocaci\u00f3n es generar relaciones de confianza y compromiso con ellos, orient\u00e1ndonos a cubrir y satisfacer en todo momento todas y cada una de sus necesidades y expectativas.<\/p>\n","protected":false},"excerpt":{"rendered":"<p>ORIGEN Y FUNDAMENTOS ESCARIO ARQUITECTOS es una empresa de arquitectura en la que ofrecemos servicios&#8230;<\/p>\n","protected":false},"author":1,"featured_media":0,"parent":0,"menu_order":2,"comment_status":"open","ping_status":"closed","template":"page-template-fullwidth.php","meta":{"ngg_post_thumbnail":0,"footnotes":""},"_links":{"self":[{"href":"https:\/\/www.escarioarquitectos.com\/index.php?rest_route=\/wp\/v2\/pages\/289"}],"collection":[{"href":"https:\/\/www.escarioarquitectos.com\/index.php?rest_route=\/wp\/v2\/pages"}],"about":[{"href":"https:\/\/www.escarioarquitectos.com\/index.php?rest_route=\/wp\/v2\/types\/page"}],"author":[{"embeddable":true,"href":"https:\/\/www.escarioarquitectos.com\/index.php?rest_route=\/wp\/v2\/users\/1"}],"replies":[{"embeddable":true,"href":"https:\/\/www.escarioarquitectos.com\/index.php?rest_route=%2Fwp%2Fv2%2Fcomments&post=289"}],"version-history":[{"count":37,"href":"https:\/\/www.escarioarquitectos.com\/index.php?rest_route=\/wp\/v2\/pages\/289\/revisions"}],"predecessor-version":[{"id":1339,"href":"https:\/\/www.escarioarquitectos.com\/index.php?rest_route=\/wp\/v2\/pages\/289\/revisions\/1339"}],"wp:attachment":[{"href":"https:\/\/www.escarioarquitectos.com\/index.php?rest_route=%2Fwp%2Fv2%2Fmedia&parent=289"}],"curies":[{"name":"wp","href":"https:\/\/api.w.org\/{rel}","templated":true}]}}